{"id":2367,"date":"2026-02-07T15:30:15","date_gmt":"2026-02-07T14:30:15","guid":{"rendered":"https:\/\/pierre-yves-nedelec.fr\/?post_type=product&#038;p=2367"},"modified":"2026-02-07T16:22:20","modified_gmt":"2026-02-07T15:22:20","slug":"polar-noir-a-tendance-parodique-affirmee-2","status":"publish","type":"product","link":"https:\/\/pierre-yves-nedelec.fr\/?product=polar-noir-a-tendance-parodique-affirmee-2","title":{"rendered":"Le silence des anneaux"},"content":{"rendered":"<figure id=\"attachment_1770\" aria-describedby=\"caption-attachment-1770\" style=\"width: 188px\" class=\"wp-caption alignnone\"><img fetchpriority=\"high\" decoding=\"async\" class=\"size-medium wp-image-1770\" src=\"https:\/\/pierre-yves-nedelec.fr\/wp-content\/uploads\/Couverture-AD2-LSDA-KDP-premiere-188x300.jpg\" alt=\"Premi\u00e8re de couverture : le silence des anneaux\" width=\"188\" height=\"300\" srcset=\"https:\/\/pierre-yves-nedelec.fr\/wp-content\/uploads\/Couverture-AD2-LSDA-KDP-premiere-188x300.jpg 188w, https:\/\/pierre-yves-nedelec.fr\/wp-content\/uploads\/Couverture-AD2-LSDA-KDP-premiere.jpg 483w\" sizes=\"(max-width: 188px) 100vw, 188px\" \/><figcaption id=\"caption-attachment-1770\" class=\"wp-caption-text\">\u00a0 \u00ab\u00a0le silence des anneaux\u00a0\u00bb<\/figcaption><\/figure>\n<div class=\"elementor-element elementor-element-cda4119 e-flex e-con-boxed e-con e-parent e-lazyloaded\" data-id=\"cda4119\" data-element_type=\"container\" data-e-type=\"container\">\n<div class=\"e-con-inner\">\n<div class=\"elementor-element elementor-element-c2defd0 elementor-widget elementor-widget-text-editor\" data-id=\"c2defd0\" data-element_type=\"widget\" data-e-type=\"widget\" data-widget_type=\"text-editor.default\">\n<div class=\"elementor-widget-container\">\n<p>Plus de Brigade Criminelle pour Pierre S\u00e9n\u00e9chal, devenu commissaire sp\u00e9cial d\u00e9tach\u00e9 aupr\u00e8s de S\u00e9bastien Alexandre St\u00e9phane Demangeais de la Motte, \u00e9narque, charg\u00e9 de mission au minist\u00e8re de l\u2019int\u00e9rieur, direction de la S\u00e9curit\u00e9 S\u00fbre et Certaine, sous-direction des Op\u00e9rations Sp\u00e9ciales, bureau des Op\u00e9rations Sp\u00e9ciales D\u00e9tach\u00e9es, et fervent catho tradi tendance royaliste, qui aime \u00e0 se faire appeler SAS.<\/p>\n<p>L\u2019histoire est toujours racont\u00e9e \u00e0 la premi\u00e8re personne par S\u00e9n\u00e9chal lui-m\u00eame, confront\u00e9 pour cette premi\u00e8re enqu\u00eate sp\u00e9ciale aux meurtres (ou pas ?) de deux agents secrets de camps oppos\u00e9s sur le territoire fran\u00e7ais. On y retrouve la plupart des personnages du premier \u00e9pisode, sauf ceux qui sont morts, \u00e9videmment. Quelques nouveaux font une entr\u00e9e fracassante dans ce r\u00e9cit \u00e0 r\u00e9server \u00e0 un public adulte, quand m\u00eame, surtout de nos jours\u2026<\/p>\n<\/div>\n<\/div>\n<\/div>\n<\/div>\n","protected":false},"excerpt":{"rendered":"[caption id=\"attachment_2368\" align=\"alignnone\" width=\"300\"]<img decoding=\"async\" class=\"size-medium wp-image-2368\" src=\"https:\/\/pierre-yves-nedelec.fr\/wp-content\/uploads\/Couverture-AD2-LSDA-KDP-MM-300x227.jpg\" alt=\"Le silence des anneaux\" width=\"300\" height=\"227\" srcset=\"https:\/\/pierre-yves-nedelec.fr\/wp-content\/uploads\/Couverture-AD2-LSDA-KDP-MM-300x227.jpg 300w, https:\/\/pierre-yves-nedelec.fr\/wp-content\/uploads\/Couverture-AD2-LSDA-KDP-MM-768x581.jpg 768w, https:\/\/pierre-yves-nedelec.fr\/wp-content\/uploads\/Couverture-AD2-LSDA-KDP-MM-600x454.jpg 600w, https:\/\/pierre-yves-nedelec.fr\/wp-content\/uploads\/Couverture-AD2-LSDA-KDP-MM.jpg 1024w\" sizes=\"(max-width: 300px) 100vw, 300px\" \/> couverture du polar parodique \u00ab\u00a0Le silence des anneaux\u00a0\u00bb[\/caption]\n<div class=\"elementor-element elementor-element-cda4119 e-flex e-con-boxed e-con e-parent e-lazyloaded\" data-id=\"cda4119\" data-element_type=\"container\" data-e-type=\"container\">\n<div class=\"e-con-inner\">\n<div class=\"elementor-element elementor-element-c2defd0 elementor-widget elementor-widget-text-editor\" data-id=\"c2defd0\" data-element_type=\"widget\" data-e-type=\"widget\" data-widget_type=\"text-editor.default\">\n<div class=\"elementor-widget-container\">\n<p>Plus de Brigade Criminelle pour Pierre S\u00e9n\u00e9chal, devenu commissaire sp\u00e9cial d\u00e9tach\u00e9 aupr\u00e8s de S\u00e9bastien Alexandre St\u00e9phane Demangeais de la Motte, \u00e9narque, charg\u00e9 de mission au minist\u00e8re de l\u2019int\u00e9rieur, direction de la S\u00e9curit\u00e9 S\u00fbre et Certaine, sous-direction des Op\u00e9rations Sp\u00e9ciales, bureau des Op\u00e9rations Sp\u00e9ciales D\u00e9tach\u00e9es, et fervent catho tradi tendance royaliste, qui aime \u00e0 se faire appeler SAS.<\/p>\n<p>L\u2019histoire est toujours racont\u00e9e \u00e0 la premi\u00e8re personne par S\u00e9n\u00e9chal lui-m\u00eame, confront\u00e9 pour cette premi\u00e8re enqu\u00eate sp\u00e9ciale aux meurtres (ou pas ?) de deux agents secrets de camps oppos\u00e9s sur le territoire fran\u00e7ais. On y retrouve la plupart des personnages du premier \u00e9pisode, sauf ceux qui sont morts, \u00e9videmment. Quelques nouveaux font une entr\u00e9e fracassante dans ce r\u00e9cit \u00e0 r\u00e9server \u00e0 un public adulte, quand m\u00eame, surtout de nos jours\u2026<\/p>\n<p>229 pages<\/p>\n<\/div>\n<\/div>\n<\/div>\n<\/div>\n","protected":false},"featured_media":2368,"comment_status":"open","ping_status":"closed","template":"","meta":{"site-sidebar-layout":"left-sidebar","site-content-layout":"","ast-site-content-layout":"normal-width-container","site-content-style":"boxed","site-sidebar-style":"boxed","ast-global-header-display":"","ast-banner-title-visibility":"","ast-main-header-display":"","ast-hfb-above-header-display":"","ast-hfb-below-header-display":"","ast-hfb-mobile-header-display":"","site-post-title":"","ast-breadcrumbs-content":"","ast-featured-img":"","footer-sml-layout":"","ast-disable-related-posts":"","theme-transparent-header-meta":"default","adv-header-id-meta":"","stick-header-meta":"","header-above-stick-meta":"","header-main-stick-meta":"","header-below-stick-meta":"","astra-migrate-meta-layouts":"set","ast-page-background-enabled":"default","ast-page-background-meta":{"desktop":{"background-color":"var(--ast-global-color-4)","background-image":"","background-repeat":"repeat","background-position":"center center","background-size":"auto","background-attachment":"scroll","background-type":"","background-media":"","overlay-type":"","overlay-color":"","overlay-opacity":"","overlay-gradient":""},"tablet":{"background-color":"","background-image":"","background-repeat":"repeat","background-position":"center center","background-size":"auto","background-attachment":"scroll","background-type":"","background-media":"","overlay-type":"","overlay-color":"","overlay-opacity":"","overlay-gradient":""},"mobile":{"background-color":"","background-image":"","background-repeat":"repeat","background-position":"center center","background-size":"auto","background-attachment":"scroll","background-type":"","background-media":"","overlay-type":"","overlay-color":"","overlay-opacity":"","overlay-gradient":""}},"ast-content-background-meta":{"desktop":{"background-color":"var(--ast-global-color-5)","background-image":"","background-repeat":"repeat","background-position":"center center","background-size":"auto","background-attachment":"scroll","background-type":"","background-media":"","overlay-type":"","overlay-color":"","overlay-opacity":"","overlay-gradient":""},"tablet":{"background-color":"var(--ast-global-color-5)","background-image":"","background-repeat":"repeat","background-position":"center center","background-size":"auto","background-attachment":"scroll","background-type":"","background-media":"","overlay-type":"","overlay-color":"","overlay-opacity":"","overlay-gradient":""},"mobile":{"background-color":"var(--ast-global-color-5)","background-image":"","background-repeat":"repeat","background-position":"center center","background-size":"auto","background-attachment":"scroll","background-type":"","background-media":"","overlay-type":"","overlay-color":"","overlay-opacity":"","overlay-gradient":""}}},"product_brand":[],"product_cat":[86],"product_tag":[],"class_list":{"0":"post-2367","1":"product","2":"type-product","3":"status-publish","4":"has-post-thumbnail","6":"product_cat-polar-parodique","7":"desktop-align-left","8":"tablet-align-left","9":"mobile-align-left","11":"first","12":"instock","13":"shipping-taxable","14":"purchasable","15":"product-type-simple"},"yoast_head":"<!-- This site is optimized with the Yoast SEO plugin v27.3 - https:\/\/yoast.com\/product\/yoast-seo-wordpress\/ -->\n<title>Le silence des anneaux<\/title>\n<meta name=\"description\" content=\"Plus de Brigade Criminelle pour Pierre S\u00e9n\u00e9chal, devenu commissaire sp\u00e9cial d\u00e9tach\u00e9 aupr\u00e8s de S\u00e9bastien Alexandre St\u00e9phane Demangeais de la Motte, \u00e9narque, charg\u00e9 de mission au minist\u00e8re de l\u2019int\u00e9rieur, direction de la S\u00e9curit\u00e9 S\u00fbre et Certaine, sous-direction des Op\u00e9rations Sp\u00e9ciales, bureau des Op\u00e9rations Sp\u00e9ciales D\u00e9tach\u00e9es, et fervent catho tradi tendance royaliste, qui aime \u00e0 se faire appeler SAS.L\u2019histoire est toujours racont\u00e9e \u00e0 la premi\u00e8re personne par S\u00e9n\u00e9chal lui-m\u00eame, confront\u00e9 pour cette premi\u00e8re enqu\u00eate sp\u00e9ciale aux meurtres (ou pas ?) de deux agents secrets de camps oppos\u00e9s sur le territoire fran\u00e7ais. On y retrouve la plupart des personnages du premier \u00e9pisode, sauf ceux qui sont morts, \u00e9videmment. Quelques nouveaux font une entr\u00e9e fracassante dans ce r\u00e9cit \u00e0 r\u00e9server \u00e0 un public adulte, quand m\u00eame, surtout de nos jours\u2026\" \/>\n<meta name=\"robots\" content=\"index, follow, max-snippet:-1, max-image-preview:large, max-video-preview:-1\" \/>\n<link rel=\"canonical\" href=\"https:\/\/pierre-yves-nedelec.fr\/?product=polar-noir-a-tendance-parodique-affirmee-2\" \/>\n<meta property=\"og:locale\" content=\"fr_FR\" \/>\n<meta property=\"og:type\" content=\"article\" \/>\n<meta property=\"og:title\" content=\"Le silence des anneaux\" \/>\n<meta property=\"og:description\" content=\"Plus de Brigade Criminelle pour Pierre S\u00e9n\u00e9chal, devenu commissaire sp\u00e9cial d\u00e9tach\u00e9 aupr\u00e8s de S\u00e9bastien Alexandre St\u00e9phane Demangeais de la Motte, \u00e9narque, charg\u00e9 de mission au minist\u00e8re de l\u2019int\u00e9rieur, direction de la S\u00e9curit\u00e9 S\u00fbre et Certaine, sous-direction des Op\u00e9rations Sp\u00e9ciales, bureau des Op\u00e9rations Sp\u00e9ciales D\u00e9tach\u00e9es, et fervent catho tradi tendance royaliste, qui aime \u00e0 se faire appeler SAS.L\u2019histoire est toujours racont\u00e9e \u00e0 la premi\u00e8re personne par S\u00e9n\u00e9chal lui-m\u00eame, confront\u00e9 pour cette premi\u00e8re enqu\u00eate sp\u00e9ciale aux meurtres (ou pas ?) de deux agents secrets de camps oppos\u00e9s sur le territoire fran\u00e7ais. On y retrouve la plupart des personnages du premier \u00e9pisode, sauf ceux qui sont morts, \u00e9videmment. Quelques nouveaux font une entr\u00e9e fracassante dans ce r\u00e9cit \u00e0 r\u00e9server \u00e0 un public adulte, quand m\u00eame, surtout de nos jours\u2026\" \/>\n<meta property=\"og:url\" content=\"https:\/\/pierre-yves-nedelec.fr\/?product=polar-noir-a-tendance-parodique-affirmee-2\" \/>\n<meta property=\"og:site_name\" content=\"Pierre-Yves N\u00e9d\u00e9lec\" \/>\n<meta property=\"article:modified_time\" content=\"2026-02-07T15:22:20+00:00\" \/>\n<meta property=\"og:image\" content=\"https:\/\/pierre-yves-nedelec.fr\/wp-content\/uploads\/Couverture-AD2-LSDA-KDP-MM.jpg\" \/>\n\t<meta property=\"og:image:width\" content=\"1024\" \/>\n\t<meta property=\"og:image:height\" content=\"774\" \/>\n\t<meta property=\"og:image:type\" content=\"image\/jpeg\" \/>\n<meta name=\"twitter:card\" content=\"summary_large_image\" \/>\n<meta name=\"twitter:label1\" content=\"Dur\u00e9e de lecture estim\u00e9e\" \/>\n\t<meta name=\"twitter:data1\" content=\"2 minutes\" \/>\n<script type=\"application\/ld+json\" class=\"yoast-schema-graph\">{\"@context\":\"https:\\\/\\\/schema.org\",\"@graph\":[{\"@type\":\"WebPage\",\"@id\":\"https:\\\/\\\/pierre-yves-nedelec.fr\\\/?product=polar-noir-a-tendance-parodique-affirmee-2\",\"url\":\"https:\\\/\\\/pierre-yves-nedelec.fr\\\/?product=polar-noir-a-tendance-parodique-affirmee-2\",\"name\":\"Le silence des anneaux\",\"isPartOf\":{\"@id\":\"https:\\\/\\\/pierre-yves-nedelec.fr\\\/#website\"},\"primaryImageOfPage\":{\"@id\":\"https:\\\/\\\/pierre-yves-nedelec.fr\\\/?product=polar-noir-a-tendance-parodique-affirmee-2#primaryimage\"},\"image\":{\"@id\":\"https:\\\/\\\/pierre-yves-nedelec.fr\\\/?product=polar-noir-a-tendance-parodique-affirmee-2#primaryimage\"},\"thumbnailUrl\":\"https:\\\/\\\/pierre-yves-nedelec.fr\\\/wp-content\\\/uploads\\\/Couverture-AD2-LSDA-KDP-MM.jpg\",\"datePublished\":\"2026-02-07T14:30:15+00:00\",\"dateModified\":\"2026-02-07T15:22:20+00:00\",\"description\":\"Plus de Brigade Criminelle pour Pierre S\u00e9n\u00e9chal, devenu commissaire sp\u00e9cial d\u00e9tach\u00e9 aupr\u00e8s de S\u00e9bastien Alexandre St\u00e9phane Demangeais de la Motte, \u00e9narque, charg\u00e9 de mission au minist\u00e8re de l\u2019int\u00e9rieur, direction de la S\u00e9curit\u00e9 S\u00fbre et Certaine, sous-direction des Op\u00e9rations Sp\u00e9ciales, bureau des Op\u00e9rations Sp\u00e9ciales D\u00e9tach\u00e9es, et fervent catho tradi tendance royaliste, qui aime \u00e0 se faire appeler SAS.L\u2019histoire est toujours racont\u00e9e \u00e0 la premi\u00e8re personne par S\u00e9n\u00e9chal lui-m\u00eame, confront\u00e9 pour cette premi\u00e8re enqu\u00eate sp\u00e9ciale aux meurtres (ou pas ?) de deux agents secrets de camps oppos\u00e9s sur le territoire fran\u00e7ais. On y retrouve la plupart des personnages du premier \u00e9pisode, sauf ceux qui sont morts, \u00e9videmment. Quelques nouveaux font une entr\u00e9e fracassante dans ce r\u00e9cit \u00e0 r\u00e9server \u00e0 un public adulte, quand m\u00eame, surtout de nos jours\u2026\",\"breadcrumb\":{\"@id\":\"https:\\\/\\\/pierre-yves-nedelec.fr\\\/?product=polar-noir-a-tendance-parodique-affirmee-2#breadcrumb\"},\"inLanguage\":\"fr-FR\",\"potentialAction\":[{\"@type\":\"ReadAction\",\"target\":[\"https:\\\/\\\/pierre-yves-nedelec.fr\\\/?product=polar-noir-a-tendance-parodique-affirmee-2\"]}]},{\"@type\":\"ImageObject\",\"inLanguage\":\"fr-FR\",\"@id\":\"https:\\\/\\\/pierre-yves-nedelec.fr\\\/?product=polar-noir-a-tendance-parodique-affirmee-2#primaryimage\",\"url\":\"https:\\\/\\\/pierre-yves-nedelec.fr\\\/wp-content\\\/uploads\\\/Couverture-AD2-LSDA-KDP-MM.jpg\",\"contentUrl\":\"https:\\\/\\\/pierre-yves-nedelec.fr\\\/wp-content\\\/uploads\\\/Couverture-AD2-LSDA-KDP-MM.jpg\",\"width\":1024,\"height\":774,\"caption\":\"couverture du polar parodique \\\"Le silence des anneaux\\\"\"},{\"@type\":\"BreadcrumbList\",\"@id\":\"https:\\\/\\\/pierre-yves-nedelec.fr\\\/?product=polar-noir-a-tendance-parodique-affirmee-2#breadcrumb\",\"itemListElement\":[{\"@type\":\"ListItem\",\"position\":1,\"name\":\"Accueil\",\"item\":\"https:\\\/\\\/pierre-yves-nedelec.fr\\\/\"},{\"@type\":\"ListItem\",\"position\":2,\"name\":\"Boutique\",\"item\":\"https:\\\/\\\/pierre-yves-nedelec.fr\\\/?page_id=2121\"},{\"@type\":\"ListItem\",\"position\":3,\"name\":\"Le silence des anneaux\"}]},{\"@type\":\"WebSite\",\"@id\":\"https:\\\/\\\/pierre-yves-nedelec.fr\\\/#website\",\"url\":\"https:\\\/\\\/pierre-yves-nedelec.fr\\\/\",\"name\":\"Pierre-Yves N\u00e9d\u00e9lec\",\"description\":\"Une journ\u00e9e sans rire est une journ\u00e9e perdue\",\"publisher\":{\"@id\":\"https:\\\/\\\/pierre-yves-nedelec.fr\\\/#organization\"},\"potentialAction\":[{\"@type\":\"SearchAction\",\"target\":{\"@type\":\"EntryPoint\",\"urlTemplate\":\"https:\\\/\\\/pierre-yves-nedelec.fr\\\/?s={search_term_string}\"},\"query-input\":{\"@type\":\"PropertyValueSpecification\",\"valueRequired\":true,\"valueName\":\"search_term_string\"}}],\"inLanguage\":\"fr-FR\"},{\"@type\":\"Organization\",\"@id\":\"https:\\\/\\\/pierre-yves-nedelec.fr\\\/#organization\",\"name\":\"Pierre-Yves N\u00e9d\u00e9lec\",\"url\":\"https:\\\/\\\/pierre-yves-nedelec.fr\\\/\",\"logo\":{\"@type\":\"ImageObject\",\"inLanguage\":\"fr-FR\",\"@id\":\"https:\\\/\\\/pierre-yves-nedelec.fr\\\/#\\\/schema\\\/logo\\\/image\\\/\",\"url\":\"https:\\\/\\\/pierre-yves-nedelec.fr\\\/wp-content\\\/uploads\\\/2023\\\/12\\\/cropped-Logo-PiN-mini.webp\",\"contentUrl\":\"https:\\\/\\\/pierre-yves-nedelec.fr\\\/wp-content\\\/uploads\\\/2023\\\/12\\\/cropped-Logo-PiN-mini.webp\",\"width\":90,\"height\":80,\"caption\":\"Pierre-Yves N\u00e9d\u00e9lec\"},\"image\":{\"@id\":\"https:\\\/\\\/pierre-yves-nedelec.fr\\\/#\\\/schema\\\/logo\\\/image\\\/\"}}]}<\/script>\n<!-- \/ Yoast SEO plugin. -->","yoast_head_json":{"title":"Le silence des anneaux","description":"Plus de Brigade Criminelle pour Pierre S\u00e9n\u00e9chal, devenu commissaire sp\u00e9cial d\u00e9tach\u00e9 aupr\u00e8s de S\u00e9bastien Alexandre St\u00e9phane Demangeais de la Motte, \u00e9narque, charg\u00e9 de mission au minist\u00e8re de l\u2019int\u00e9rieur, direction de la S\u00e9curit\u00e9 S\u00fbre et Certaine, sous-direction des Op\u00e9rations Sp\u00e9ciales, bureau des Op\u00e9rations Sp\u00e9ciales D\u00e9tach\u00e9es, et fervent catho tradi tendance royaliste, qui aime \u00e0 se faire appeler SAS.L\u2019histoire est toujours racont\u00e9e \u00e0 la premi\u00e8re personne par S\u00e9n\u00e9chal lui-m\u00eame, confront\u00e9 pour cette premi\u00e8re enqu\u00eate sp\u00e9ciale aux meurtres (ou pas ?) de deux agents secrets de camps oppos\u00e9s sur le territoire fran\u00e7ais. On y retrouve la plupart des personnages du premier \u00e9pisode, sauf ceux qui sont morts, \u00e9videmment. Quelques nouveaux font une entr\u00e9e fracassante dans ce r\u00e9cit \u00e0 r\u00e9server \u00e0 un public adulte, quand m\u00eame, surtout de nos jours\u2026","robots":{"index":"index","follow":"follow","max-snippet":"max-snippet:-1","max-image-preview":"max-image-preview:large","max-video-preview":"max-video-preview:-1"},"canonical":"https:\/\/pierre-yves-nedelec.fr\/?product=polar-noir-a-tendance-parodique-affirmee-2","og_locale":"fr_FR","og_type":"article","og_title":"Le silence des anneaux","og_description":"Plus de Brigade Criminelle pour Pierre S\u00e9n\u00e9chal, devenu commissaire sp\u00e9cial d\u00e9tach\u00e9 aupr\u00e8s de S\u00e9bastien Alexandre St\u00e9phane Demangeais de la Motte, \u00e9narque, charg\u00e9 de mission au minist\u00e8re de l\u2019int\u00e9rieur, direction de la S\u00e9curit\u00e9 S\u00fbre et Certaine, sous-direction des Op\u00e9rations Sp\u00e9ciales, bureau des Op\u00e9rations Sp\u00e9ciales D\u00e9tach\u00e9es, et fervent catho tradi tendance royaliste, qui aime \u00e0 se faire appeler SAS.L\u2019histoire est toujours racont\u00e9e \u00e0 la premi\u00e8re personne par S\u00e9n\u00e9chal lui-m\u00eame, confront\u00e9 pour cette premi\u00e8re enqu\u00eate sp\u00e9ciale aux meurtres (ou pas ?) de deux agents secrets de camps oppos\u00e9s sur le territoire fran\u00e7ais. On y retrouve la plupart des personnages du premier \u00e9pisode, sauf ceux qui sont morts, \u00e9videmment. Quelques nouveaux font une entr\u00e9e fracassante dans ce r\u00e9cit \u00e0 r\u00e9server \u00e0 un public adulte, quand m\u00eame, surtout de nos jours\u2026","og_url":"https:\/\/pierre-yves-nedelec.fr\/?product=polar-noir-a-tendance-parodique-affirmee-2","og_site_name":"Pierre-Yves N\u00e9d\u00e9lec","article_modified_time":"2026-02-07T15:22:20+00:00","og_image":[{"width":1024,"height":774,"url":"https:\/\/pierre-yves-nedelec.fr\/wp-content\/uploads\/Couverture-AD2-LSDA-KDP-MM.jpg","type":"image\/jpeg"}],"twitter_card":"summary_large_image","twitter_misc":{"Dur\u00e9e de lecture estim\u00e9e":"2 minutes"},"schema":{"@context":"https:\/\/schema.org","@graph":[{"@type":"WebPage","@id":"https:\/\/pierre-yves-nedelec.fr\/?product=polar-noir-a-tendance-parodique-affirmee-2","url":"https:\/\/pierre-yves-nedelec.fr\/?product=polar-noir-a-tendance-parodique-affirmee-2","name":"Le silence des anneaux","isPartOf":{"@id":"https:\/\/pierre-yves-nedelec.fr\/#website"},"primaryImageOfPage":{"@id":"https:\/\/pierre-yves-nedelec.fr\/?product=polar-noir-a-tendance-parodique-affirmee-2#primaryimage"},"image":{"@id":"https:\/\/pierre-yves-nedelec.fr\/?product=polar-noir-a-tendance-parodique-affirmee-2#primaryimage"},"thumbnailUrl":"https:\/\/pierre-yves-nedelec.fr\/wp-content\/uploads\/Couverture-AD2-LSDA-KDP-MM.jpg","datePublished":"2026-02-07T14:30:15+00:00","dateModified":"2026-02-07T15:22:20+00:00","description":"Plus de Brigade Criminelle pour Pierre S\u00e9n\u00e9chal, devenu commissaire sp\u00e9cial d\u00e9tach\u00e9 aupr\u00e8s de S\u00e9bastien Alexandre St\u00e9phane Demangeais de la Motte, \u00e9narque, charg\u00e9 de mission au minist\u00e8re de l\u2019int\u00e9rieur, direction de la S\u00e9curit\u00e9 S\u00fbre et Certaine, sous-direction des Op\u00e9rations Sp\u00e9ciales, bureau des Op\u00e9rations Sp\u00e9ciales D\u00e9tach\u00e9es, et fervent catho tradi tendance royaliste, qui aime \u00e0 se faire appeler SAS.L\u2019histoire est toujours racont\u00e9e \u00e0 la premi\u00e8re personne par S\u00e9n\u00e9chal lui-m\u00eame, confront\u00e9 pour cette premi\u00e8re enqu\u00eate sp\u00e9ciale aux meurtres (ou pas ?) de deux agents secrets de camps oppos\u00e9s sur le territoire fran\u00e7ais. On y retrouve la plupart des personnages du premier \u00e9pisode, sauf ceux qui sont morts, \u00e9videmment. Quelques nouveaux font une entr\u00e9e fracassante dans ce r\u00e9cit \u00e0 r\u00e9server \u00e0 un public adulte, quand m\u00eame, surtout de nos jours\u2026","breadcrumb":{"@id":"https:\/\/pierre-yves-nedelec.fr\/?product=polar-noir-a-tendance-parodique-affirmee-2#breadcrumb"},"inLanguage":"fr-FR","potentialAction":[{"@type":"ReadAction","target":["https:\/\/pierre-yves-nedelec.fr\/?product=polar-noir-a-tendance-parodique-affirmee-2"]}]},{"@type":"ImageObject","inLanguage":"fr-FR","@id":"https:\/\/pierre-yves-nedelec.fr\/?product=polar-noir-a-tendance-parodique-affirmee-2#primaryimage","url":"https:\/\/pierre-yves-nedelec.fr\/wp-content\/uploads\/Couverture-AD2-LSDA-KDP-MM.jpg","contentUrl":"https:\/\/pierre-yves-nedelec.fr\/wp-content\/uploads\/Couverture-AD2-LSDA-KDP-MM.jpg","width":1024,"height":774,"caption":"couverture du polar parodique \"Le silence des anneaux\""},{"@type":"BreadcrumbList","@id":"https:\/\/pierre-yves-nedelec.fr\/?product=polar-noir-a-tendance-parodique-affirmee-2#breadcrumb","itemListElement":[{"@type":"ListItem","position":1,"name":"Accueil","item":"https:\/\/pierre-yves-nedelec.fr\/"},{"@type":"ListItem","position":2,"name":"Boutique","item":"https:\/\/pierre-yves-nedelec.fr\/?page_id=2121"},{"@type":"ListItem","position":3,"name":"Le silence des anneaux"}]},{"@type":"WebSite","@id":"https:\/\/pierre-yves-nedelec.fr\/#website","url":"https:\/\/pierre-yves-nedelec.fr\/","name":"Pierre-Yves N\u00e9d\u00e9lec","description":"Une journ\u00e9e sans rire est une journ\u00e9e perdue","publisher":{"@id":"https:\/\/pierre-yves-nedelec.fr\/#organization"},"potentialAction":[{"@type":"SearchAction","target":{"@type":"EntryPoint","urlTemplate":"https:\/\/pierre-yves-nedelec.fr\/?s={search_term_string}"},"query-input":{"@type":"PropertyValueSpecification","valueRequired":true,"valueName":"search_term_string"}}],"inLanguage":"fr-FR"},{"@type":"Organization","@id":"https:\/\/pierre-yves-nedelec.fr\/#organization","name":"Pierre-Yves N\u00e9d\u00e9lec","url":"https:\/\/pierre-yves-nedelec.fr\/","logo":{"@type":"ImageObject","inLanguage":"fr-FR","@id":"https:\/\/pierre-yves-nedelec.fr\/#\/schema\/logo\/image\/","url":"https:\/\/pierre-yves-nedelec.fr\/wp-content\/uploads\/2023\/12\/cropped-Logo-PiN-mini.webp","contentUrl":"https:\/\/pierre-yves-nedelec.fr\/wp-content\/uploads\/2023\/12\/cropped-Logo-PiN-mini.webp","width":90,"height":80,"caption":"Pierre-Yves N\u00e9d\u00e9lec"},"image":{"@id":"https:\/\/pierre-yves-nedelec.fr\/#\/schema\/logo\/image\/"}}]}},"jetpack_sharing_enabled":true,"_links":{"self":[{"href":"https:\/\/pierre-yves-nedelec.fr\/index.php?rest_route=\/wp\/v2\/product\/2367","targetHints":{"allow":["GET"]}}],"collection":[{"href":"https:\/\/pierre-yves-nedelec.fr\/index.php?rest_route=\/wp\/v2\/product"}],"about":[{"href":"https:\/\/pierre-yves-nedelec.fr\/index.php?rest_route=\/wp\/v2\/types\/product"}],"replies":[{"embeddable":true,"href":"https:\/\/pierre-yves-nedelec.fr\/index.php?rest_route=%2Fwp%2Fv2%2Fcomments&post=2367"}],"wp:featuredmedia":[{"embeddable":true,"href":"https:\/\/pierre-yves-nedelec.fr\/index.php?rest_route=\/wp\/v2\/media\/2368"}],"wp:attachment":[{"href":"https:\/\/pierre-yves-nedelec.fr\/index.php?rest_route=%2Fwp%2Fv2%2Fmedia&parent=2367"}],"wp:term":[{"taxonomy":"product_brand","embeddable":true,"href":"https:\/\/pierre-yves-nedelec.fr\/index.php?rest_route=%2Fwp%2Fv2%2Fproduct_brand&post=2367"},{"taxonomy":"product_cat","embeddable":true,"href":"https:\/\/pierre-yves-nedelec.fr\/index.php?rest_route=%2Fwp%2Fv2%2Fproduct_cat&post=2367"},{"taxonomy":"product_tag","embeddable":true,"href":"https:\/\/pierre-yves-nedelec.fr\/index.php?rest_route=%2Fwp%2Fv2%2Fproduct_tag&post=2367"}],"curies":[{"name":"wp","href":"https:\/\/api.w.org\/{rel}","templated":true}]}}