{"id":2355,"date":"2026-02-06T17:46:45","date_gmt":"2026-02-06T16:46:45","guid":{"rendered":"https:\/\/pierre-yves-nedelec.fr\/?post_type=product&#038;p=2355"},"modified":"2026-02-07T16:08:55","modified_gmt":"2026-02-07T15:08:55","slug":"deuxieme-episode-des-aventures-de-frenegonde","status":"publish","type":"product","link":"https:\/\/pierre-yves-nedelec.fr\/?product=deuxieme-episode-des-aventures-de-frenegonde","title":{"rendered":"Fr\u00e9n\u00e9gonde et le Terrible Secret"},"content":{"rendered":"<figure id=\"attachment_2266\" aria-describedby=\"caption-attachment-2266\" style=\"width: 191px\" class=\"wp-caption alignnone\"><img fetchpriority=\"high\" decoding=\"async\" class=\"size-medium wp-image-2266\" src=\"https:\/\/pierre-yves-nedelec.fr\/wp-content\/uploads\/Frenegonde-et-le-Terrible-Secret-Premiere-de-couverture-191x300.jpg\" alt=\"Fr\u00e9n\u00e9gonde et le terrible Secret premi\u00e8re de couverture\" width=\"191\" height=\"300\" srcset=\"https:\/\/pierre-yves-nedelec.fr\/wp-content\/uploads\/Frenegonde-et-le-Terrible-Secret-Premiere-de-couverture-191x300.jpg 191w, https:\/\/pierre-yves-nedelec.fr\/wp-content\/uploads\/Frenegonde-et-le-Terrible-Secret-Premiere-de-couverture.jpg 485w\" sizes=\"(max-width: 191px) 100vw, 191px\" \/><figcaption id=\"caption-attachment-2266\" class=\"wp-caption-text\">\u00ab\u00a0Fr\u00e9n\u00e9gonde et le terrible Secret\u00a0\u00bb polar fantastique<\/figcaption><\/figure>\n<p>Apr\u00e8s une ann\u00e9e \u00e0 tourner en rond comme des billes dans un roulement de roue (ou de n\u2019importe quoi d\u2019autre, d\u2019ailleurs, les billes tournent dans tous les roulements, sauf \u00e0 \u00eatre gripp\u00e9es, ce qui, de l\u2019avis m\u00eame du ministre de la sant\u00e9, justifierait une campagne g\u00e9n\u00e9ralis\u00e9e de vaccination !), Goran a fini par trouver un d\u00e9tail dans la vie de Vlad l\u2019Emballeur qui ouvre une \u00e9ventualit\u00e9 de piste\u2026 En \u00c9cosse. Le temps de bricoler un camping-car dans un vieux bus anglais, et voil\u00e0 notre petite troupe partie \u00e0 l\u2019assaut de la Cal\u00e9donie, de ses brumes, et de ses traditions.<\/p>\n<p>340 pages<\/p>\n","protected":false},"excerpt":{"rendered":"<p>Apr\u00e8s une ann\u00e9e \u00e0 tourner en rond comme des billes dans un roulement de roue (ou de n\u2019importe quoi d\u2019autre, d\u2019ailleurs, les billes tournent dans tous les roulements, sauf \u00e0 \u00eatre gripp\u00e9es, ce qui, de l\u2019avis m\u00eame du ministre de la sant\u00e9, justifierait une campagne g\u00e9n\u00e9ralis\u00e9e de vaccination !), Goran a fini par trouver un [&hellip;]<\/p>\n","protected":false},"featured_media":2251,"comment_status":"open","ping_status":"closed","template":"","meta":{"site-sidebar-layout":"left-sidebar","site-content-layout":"","ast-site-content-layout":"normal-width-container","site-content-style":"boxed","site-sidebar-style":"boxed","ast-global-header-display":"","ast-banner-title-visibility":"","ast-main-header-display":"","ast-hfb-above-header-display":"","ast-hfb-below-header-display":"","ast-hfb-mobile-header-display":"","site-post-title":"","ast-breadcrumbs-content":"","ast-featured-img":"","footer-sml-layout":"","ast-disable-related-posts":"","theme-transparent-header-meta":"default","adv-header-id-meta":"","stick-header-meta":"","header-above-stick-meta":"","header-main-stick-meta":"","header-below-stick-meta":"","astra-migrate-meta-layouts":"set","ast-page-background-enabled":"default","ast-page-background-meta":{"desktop":{"background-color":"var(--ast-global-color-4)","background-image":"","background-repeat":"repeat","background-position":"center center","background-size":"auto","background-attachment":"scroll","background-type":"","background-media":"","overlay-type":"","overlay-color":"","overlay-opacity":"","overlay-gradient":""},"tablet":{"background-color":"","background-image":"","background-repeat":"repeat","background-position":"center center","background-size":"auto","background-attachment":"scroll","background-type":"","background-media":"","overlay-type":"","overlay-color":"","overlay-opacity":"","overlay-gradient":""},"mobile":{"background-color":"","background-image":"","background-repeat":"repeat","background-position":"center center","background-size":"auto","background-attachment":"scroll","background-type":"","background-media":"","overlay-type":"","overlay-color":"","overlay-opacity":"","overlay-gradient":""}},"ast-content-background-meta":{"desktop":{"background-color":"var(--ast-global-color-5)","background-image":"","background-repeat":"repeat","background-position":"center center","background-size":"auto","background-attachment":"scroll","background-type":"","background-media":"","overlay-type":"","overlay-color":"","overlay-opacity":"","overlay-gradient":""},"tablet":{"background-color":"var(--ast-global-color-5)","background-image":"","background-repeat":"repeat","background-position":"center center","background-size":"auto","background-attachment":"scroll","background-type":"","background-media":"","overlay-type":"","overlay-color":"","overlay-opacity":"","overlay-gradient":""},"mobile":{"background-color":"var(--ast-global-color-5)","background-image":"","background-repeat":"repeat","background-position":"center center","background-size":"auto","background-attachment":"scroll","background-type":"","background-media":"","overlay-type":"","overlay-color":"","overlay-opacity":"","overlay-gradient":""}}},"product_brand":[],"product_cat":[85],"product_tag":[],"class_list":{"0":"post-2355","1":"product","2":"type-product","3":"status-publish","4":"has-post-thumbnail","6":"product_cat-polar-fantastique","7":"desktop-align-left","8":"tablet-align-left","9":"mobile-align-left","11":"first","12":"instock","13":"shipping-taxable","14":"purchasable","15":"product-type-simple"},"yoast_head":"<!-- This site is optimized with the Yoast SEO plugin v27.3 - https:\/\/yoast.com\/product\/yoast-seo-wordpress\/ -->\n<title>Fr\u00e9n\u00e9gonde et le Terrible Secret<\/title>\n<meta name=\"description\" content=\"Apr\u00e8s une ann\u00e9e \u00e0 tourner en rond comme des billes dans un roulement de roue (ou de n\u2019importe quoi d\u2019autre, d\u2019ailleurs, les billes tournent dans tous les roulements, sauf \u00e0 \u00eatre gripp\u00e9es, ce qui, de l\u2019avis m\u00eame du ministre de la sant\u00e9, justifierait une campagne g\u00e9n\u00e9ralis\u00e9e de vaccination !), Goran a fini par trouver un d\u00e9tail dans la vie de Vlad l\u2019Emballeur qui ouvre une \u00e9ventualit\u00e9 de piste\u2026 En \u00c9cosse. Le temps de bricoler un camping-car dans un vieux bus anglais, et voil\u00e0 notre petite troupe partie \u00e0 l\u2019assaut de la Cal\u00e9donie, de ses brumes, et de ses traditions.\" \/>\n<meta name=\"robots\" content=\"index, follow, max-snippet:-1, max-image-preview:large, max-video-preview:-1\" \/>\n<link rel=\"canonical\" href=\"https:\/\/pierre-yves-nedelec.fr\/?product=deuxieme-episode-des-aventures-de-frenegonde\" \/>\n<meta property=\"og:locale\" content=\"fr_FR\" \/>\n<meta property=\"og:type\" content=\"article\" \/>\n<meta property=\"og:title\" content=\"Fr\u00e9n\u00e9gonde et le Terrible Secret\" \/>\n<meta property=\"og:description\" content=\"Apr\u00e8s une ann\u00e9e \u00e0 tourner en rond comme des billes dans un roulement de roue (ou de n\u2019importe quoi d\u2019autre, d\u2019ailleurs, les billes tournent dans tous les roulements, sauf \u00e0 \u00eatre gripp\u00e9es, ce qui, de l\u2019avis m\u00eame du ministre de la sant\u00e9, justifierait une campagne g\u00e9n\u00e9ralis\u00e9e de vaccination !), Goran a fini par trouver un d\u00e9tail dans la vie de Vlad l\u2019Emballeur qui ouvre une \u00e9ventualit\u00e9 de piste\u2026 En \u00c9cosse. Le temps de bricoler un camping-car dans un vieux bus anglais, et voil\u00e0 notre petite troupe partie \u00e0 l\u2019assaut de la Cal\u00e9donie, de ses brumes, et de ses traditions.\" \/>\n<meta property=\"og:url\" content=\"https:\/\/pierre-yves-nedelec.fr\/?product=deuxieme-episode-des-aventures-de-frenegonde\" \/>\n<meta property=\"og:site_name\" content=\"Pierre-Yves N\u00e9d\u00e9lec\" \/>\n<meta property=\"article:modified_time\" content=\"2026-02-07T15:08:55+00:00\" \/>\n<meta property=\"og:image\" content=\"https:\/\/pierre-yves-nedelec.fr\/wp-content\/uploads\/Frenegonde-et-le-Terrible-Secret-Couverture.jpg\" \/>\n\t<meta property=\"og:image:width\" content=\"1024\" \/>\n\t<meta property=\"og:image:height\" content=\"764\" \/>\n\t<meta property=\"og:image:type\" content=\"image\/jpeg\" \/>\n<meta name=\"twitter:card\" content=\"summary_large_image\" \/>\n<meta name=\"twitter:label1\" content=\"Dur\u00e9e de lecture estim\u00e9e\" \/>\n\t<meta name=\"twitter:data1\" content=\"1 minute\" \/>\n<script type=\"application\/ld+json\" class=\"yoast-schema-graph\">{\"@context\":\"https:\\\/\\\/schema.org\",\"@graph\":[{\"@type\":\"WebPage\",\"@id\":\"https:\\\/\\\/pierre-yves-nedelec.fr\\\/?product=deuxieme-episode-des-aventures-de-frenegonde\",\"url\":\"https:\\\/\\\/pierre-yves-nedelec.fr\\\/?product=deuxieme-episode-des-aventures-de-frenegonde\",\"name\":\"Fr\u00e9n\u00e9gonde et le Terrible Secret\",\"isPartOf\":{\"@id\":\"https:\\\/\\\/pierre-yves-nedelec.fr\\\/#website\"},\"primaryImageOfPage\":{\"@id\":\"https:\\\/\\\/pierre-yves-nedelec.fr\\\/?product=deuxieme-episode-des-aventures-de-frenegonde#primaryimage\"},\"image\":{\"@id\":\"https:\\\/\\\/pierre-yves-nedelec.fr\\\/?product=deuxieme-episode-des-aventures-de-frenegonde#primaryimage\"},\"thumbnailUrl\":\"https:\\\/\\\/pierre-yves-nedelec.fr\\\/wp-content\\\/uploads\\\/Frenegonde-et-le-Terrible-Secret-Couverture.jpg\",\"datePublished\":\"2026-02-06T16:46:45+00:00\",\"dateModified\":\"2026-02-07T15:08:55+00:00\",\"description\":\"Apr\u00e8s une ann\u00e9e \u00e0 tourner en rond comme des billes dans un roulement de roue (ou de n\u2019importe quoi d\u2019autre, d\u2019ailleurs, les billes tournent dans tous les roulements, sauf \u00e0 \u00eatre gripp\u00e9es, ce qui, de l\u2019avis m\u00eame du ministre de la sant\u00e9, justifierait une campagne g\u00e9n\u00e9ralis\u00e9e de vaccination !), Goran a fini par trouver un d\u00e9tail dans la vie de Vlad l\u2019Emballeur qui ouvre une \u00e9ventualit\u00e9 de piste\u2026 En \u00c9cosse. Le temps de bricoler un camping-car dans un vieux bus anglais, et voil\u00e0 notre petite troupe partie \u00e0 l\u2019assaut de la Cal\u00e9donie, de ses brumes, et de ses traditions.\",\"breadcrumb\":{\"@id\":\"https:\\\/\\\/pierre-yves-nedelec.fr\\\/?product=deuxieme-episode-des-aventures-de-frenegonde#breadcrumb\"},\"inLanguage\":\"fr-FR\",\"potentialAction\":[{\"@type\":\"ReadAction\",\"target\":[\"https:\\\/\\\/pierre-yves-nedelec.fr\\\/?product=deuxieme-episode-des-aventures-de-frenegonde\"]}]},{\"@type\":\"ImageObject\",\"inLanguage\":\"fr-FR\",\"@id\":\"https:\\\/\\\/pierre-yves-nedelec.fr\\\/?product=deuxieme-episode-des-aventures-de-frenegonde#primaryimage\",\"url\":\"https:\\\/\\\/pierre-yves-nedelec.fr\\\/wp-content\\\/uploads\\\/Frenegonde-et-le-Terrible-Secret-Couverture.jpg\",\"contentUrl\":\"https:\\\/\\\/pierre-yves-nedelec.fr\\\/wp-content\\\/uploads\\\/Frenegonde-et-le-Terrible-Secret-Couverture.jpg\",\"width\":1024,\"height\":764,\"caption\":\"Couverture de Fr\u00e9n\u00e9gonde et le Terrible Secret\"},{\"@type\":\"BreadcrumbList\",\"@id\":\"https:\\\/\\\/pierre-yves-nedelec.fr\\\/?product=deuxieme-episode-des-aventures-de-frenegonde#breadcrumb\",\"itemListElement\":[{\"@type\":\"ListItem\",\"position\":1,\"name\":\"Accueil\",\"item\":\"https:\\\/\\\/pierre-yves-nedelec.fr\\\/\"},{\"@type\":\"ListItem\",\"position\":2,\"name\":\"Boutique\",\"item\":\"https:\\\/\\\/pierre-yves-nedelec.fr\\\/?page_id=2121\"},{\"@type\":\"ListItem\",\"position\":3,\"name\":\"Fr\u00e9n\u00e9gonde et le Terrible Secret\"}]},{\"@type\":\"WebSite\",\"@id\":\"https:\\\/\\\/pierre-yves-nedelec.fr\\\/#website\",\"url\":\"https:\\\/\\\/pierre-yves-nedelec.fr\\\/\",\"name\":\"Pierre-Yves N\u00e9d\u00e9lec\",\"description\":\"Une journ\u00e9e sans rire est une journ\u00e9e perdue\",\"publisher\":{\"@id\":\"https:\\\/\\\/pierre-yves-nedelec.fr\\\/#organization\"},\"potentialAction\":[{\"@type\":\"SearchAction\",\"target\":{\"@type\":\"EntryPoint\",\"urlTemplate\":\"https:\\\/\\\/pierre-yves-nedelec.fr\\\/?s={search_term_string}\"},\"query-input\":{\"@type\":\"PropertyValueSpecification\",\"valueRequired\":true,\"valueName\":\"search_term_string\"}}],\"inLanguage\":\"fr-FR\"},{\"@type\":\"Organization\",\"@id\":\"https:\\\/\\\/pierre-yves-nedelec.fr\\\/#organization\",\"name\":\"Pierre-Yves N\u00e9d\u00e9lec\",\"url\":\"https:\\\/\\\/pierre-yves-nedelec.fr\\\/\",\"logo\":{\"@type\":\"ImageObject\",\"inLanguage\":\"fr-FR\",\"@id\":\"https:\\\/\\\/pierre-yves-nedelec.fr\\\/#\\\/schema\\\/logo\\\/image\\\/\",\"url\":\"https:\\\/\\\/pierre-yves-nedelec.fr\\\/wp-content\\\/uploads\\\/2023\\\/12\\\/cropped-Logo-PiN-mini.webp\",\"contentUrl\":\"https:\\\/\\\/pierre-yves-nedelec.fr\\\/wp-content\\\/uploads\\\/2023\\\/12\\\/cropped-Logo-PiN-mini.webp\",\"width\":90,\"height\":80,\"caption\":\"Pierre-Yves N\u00e9d\u00e9lec\"},\"image\":{\"@id\":\"https:\\\/\\\/pierre-yves-nedelec.fr\\\/#\\\/schema\\\/logo\\\/image\\\/\"}}]}<\/script>\n<!-- \/ Yoast SEO plugin. -->","yoast_head_json":{"title":"Fr\u00e9n\u00e9gonde et le Terrible Secret","description":"Apr\u00e8s une ann\u00e9e \u00e0 tourner en rond comme des billes dans un roulement de roue (ou de n\u2019importe quoi d\u2019autre, d\u2019ailleurs, les billes tournent dans tous les roulements, sauf \u00e0 \u00eatre gripp\u00e9es, ce qui, de l\u2019avis m\u00eame du ministre de la sant\u00e9, justifierait une campagne g\u00e9n\u00e9ralis\u00e9e de vaccination !), Goran a fini par trouver un d\u00e9tail dans la vie de Vlad l\u2019Emballeur qui ouvre une \u00e9ventualit\u00e9 de piste\u2026 En \u00c9cosse. Le temps de bricoler un camping-car dans un vieux bus anglais, et voil\u00e0 notre petite troupe partie \u00e0 l\u2019assaut de la Cal\u00e9donie, de ses brumes, et de ses traditions.","robots":{"index":"index","follow":"follow","max-snippet":"max-snippet:-1","max-image-preview":"max-image-preview:large","max-video-preview":"max-video-preview:-1"},"canonical":"https:\/\/pierre-yves-nedelec.fr\/?product=deuxieme-episode-des-aventures-de-frenegonde","og_locale":"fr_FR","og_type":"article","og_title":"Fr\u00e9n\u00e9gonde et le Terrible Secret","og_description":"Apr\u00e8s une ann\u00e9e \u00e0 tourner en rond comme des billes dans un roulement de roue (ou de n\u2019importe quoi d\u2019autre, d\u2019ailleurs, les billes tournent dans tous les roulements, sauf \u00e0 \u00eatre gripp\u00e9es, ce qui, de l\u2019avis m\u00eame du ministre de la sant\u00e9, justifierait une campagne g\u00e9n\u00e9ralis\u00e9e de vaccination !), Goran a fini par trouver un d\u00e9tail dans la vie de Vlad l\u2019Emballeur qui ouvre une \u00e9ventualit\u00e9 de piste\u2026 En \u00c9cosse. Le temps de bricoler un camping-car dans un vieux bus anglais, et voil\u00e0 notre petite troupe partie \u00e0 l\u2019assaut de la Cal\u00e9donie, de ses brumes, et de ses traditions.","og_url":"https:\/\/pierre-yves-nedelec.fr\/?product=deuxieme-episode-des-aventures-de-frenegonde","og_site_name":"Pierre-Yves N\u00e9d\u00e9lec","article_modified_time":"2026-02-07T15:08:55+00:00","og_image":[{"width":1024,"height":764,"url":"https:\/\/pierre-yves-nedelec.fr\/wp-content\/uploads\/Frenegonde-et-le-Terrible-Secret-Couverture.jpg","type":"image\/jpeg"}],"twitter_card":"summary_large_image","twitter_misc":{"Dur\u00e9e de lecture estim\u00e9e":"1 minute"},"schema":{"@context":"https:\/\/schema.org","@graph":[{"@type":"WebPage","@id":"https:\/\/pierre-yves-nedelec.fr\/?product=deuxieme-episode-des-aventures-de-frenegonde","url":"https:\/\/pierre-yves-nedelec.fr\/?product=deuxieme-episode-des-aventures-de-frenegonde","name":"Fr\u00e9n\u00e9gonde et le Terrible Secret","isPartOf":{"@id":"https:\/\/pierre-yves-nedelec.fr\/#website"},"primaryImageOfPage":{"@id":"https:\/\/pierre-yves-nedelec.fr\/?product=deuxieme-episode-des-aventures-de-frenegonde#primaryimage"},"image":{"@id":"https:\/\/pierre-yves-nedelec.fr\/?product=deuxieme-episode-des-aventures-de-frenegonde#primaryimage"},"thumbnailUrl":"https:\/\/pierre-yves-nedelec.fr\/wp-content\/uploads\/Frenegonde-et-le-Terrible-Secret-Couverture.jpg","datePublished":"2026-02-06T16:46:45+00:00","dateModified":"2026-02-07T15:08:55+00:00","description":"Apr\u00e8s une ann\u00e9e \u00e0 tourner en rond comme des billes dans un roulement de roue (ou de n\u2019importe quoi d\u2019autre, d\u2019ailleurs, les billes tournent dans tous les roulements, sauf \u00e0 \u00eatre gripp\u00e9es, ce qui, de l\u2019avis m\u00eame du ministre de la sant\u00e9, justifierait une campagne g\u00e9n\u00e9ralis\u00e9e de vaccination !), Goran a fini par trouver un d\u00e9tail dans la vie de Vlad l\u2019Emballeur qui ouvre une \u00e9ventualit\u00e9 de piste\u2026 En \u00c9cosse. Le temps de bricoler un camping-car dans un vieux bus anglais, et voil\u00e0 notre petite troupe partie \u00e0 l\u2019assaut de la Cal\u00e9donie, de ses brumes, et de ses traditions.","breadcrumb":{"@id":"https:\/\/pierre-yves-nedelec.fr\/?product=deuxieme-episode-des-aventures-de-frenegonde#breadcrumb"},"inLanguage":"fr-FR","potentialAction":[{"@type":"ReadAction","target":["https:\/\/pierre-yves-nedelec.fr\/?product=deuxieme-episode-des-aventures-de-frenegonde"]}]},{"@type":"ImageObject","inLanguage":"fr-FR","@id":"https:\/\/pierre-yves-nedelec.fr\/?product=deuxieme-episode-des-aventures-de-frenegonde#primaryimage","url":"https:\/\/pierre-yves-nedelec.fr\/wp-content\/uploads\/Frenegonde-et-le-Terrible-Secret-Couverture.jpg","contentUrl":"https:\/\/pierre-yves-nedelec.fr\/wp-content\/uploads\/Frenegonde-et-le-Terrible-Secret-Couverture.jpg","width":1024,"height":764,"caption":"Couverture de Fr\u00e9n\u00e9gonde et le Terrible Secret"},{"@type":"BreadcrumbList","@id":"https:\/\/pierre-yves-nedelec.fr\/?product=deuxieme-episode-des-aventures-de-frenegonde#breadcrumb","itemListElement":[{"@type":"ListItem","position":1,"name":"Accueil","item":"https:\/\/pierre-yves-nedelec.fr\/"},{"@type":"ListItem","position":2,"name":"Boutique","item":"https:\/\/pierre-yves-nedelec.fr\/?page_id=2121"},{"@type":"ListItem","position":3,"name":"Fr\u00e9n\u00e9gonde et le Terrible Secret"}]},{"@type":"WebSite","@id":"https:\/\/pierre-yves-nedelec.fr\/#website","url":"https:\/\/pierre-yves-nedelec.fr\/","name":"Pierre-Yves N\u00e9d\u00e9lec","description":"Une journ\u00e9e sans rire est une journ\u00e9e perdue","publisher":{"@id":"https:\/\/pierre-yves-nedelec.fr\/#organization"},"potentialAction":[{"@type":"SearchAction","target":{"@type":"EntryPoint","urlTemplate":"https:\/\/pierre-yves-nedelec.fr\/?s={search_term_string}"},"query-input":{"@type":"PropertyValueSpecification","valueRequired":true,"valueName":"search_term_string"}}],"inLanguage":"fr-FR"},{"@type":"Organization","@id":"https:\/\/pierre-yves-nedelec.fr\/#organization","name":"Pierre-Yves N\u00e9d\u00e9lec","url":"https:\/\/pierre-yves-nedelec.fr\/","logo":{"@type":"ImageObject","inLanguage":"fr-FR","@id":"https:\/\/pierre-yves-nedelec.fr\/#\/schema\/logo\/image\/","url":"https:\/\/pierre-yves-nedelec.fr\/wp-content\/uploads\/2023\/12\/cropped-Logo-PiN-mini.webp","contentUrl":"https:\/\/pierre-yves-nedelec.fr\/wp-content\/uploads\/2023\/12\/cropped-Logo-PiN-mini.webp","width":90,"height":80,"caption":"Pierre-Yves N\u00e9d\u00e9lec"},"image":{"@id":"https:\/\/pierre-yves-nedelec.fr\/#\/schema\/logo\/image\/"}}]}},"jetpack_sharing_enabled":true,"_links":{"self":[{"href":"https:\/\/pierre-yves-nedelec.fr\/index.php?rest_route=\/wp\/v2\/product\/2355","targetHints":{"allow":["GET"]}}],"collection":[{"href":"https:\/\/pierre-yves-nedelec.fr\/index.php?rest_route=\/wp\/v2\/product"}],"about":[{"href":"https:\/\/pierre-yves-nedelec.fr\/index.php?rest_route=\/wp\/v2\/types\/product"}],"replies":[{"embeddable":true,"href":"https:\/\/pierre-yves-nedelec.fr\/index.php?rest_route=%2Fwp%2Fv2%2Fcomments&post=2355"}],"wp:featuredmedia":[{"embeddable":true,"href":"https:\/\/pierre-yves-nedelec.fr\/index.php?rest_route=\/wp\/v2\/media\/2251"}],"wp:attachment":[{"href":"https:\/\/pierre-yves-nedelec.fr\/index.php?rest_route=%2Fwp%2Fv2%2Fmedia&parent=2355"}],"wp:term":[{"taxonomy":"product_brand","embeddable":true,"href":"https:\/\/pierre-yves-nedelec.fr\/index.php?rest_route=%2Fwp%2Fv2%2Fproduct_brand&post=2355"},{"taxonomy":"product_cat","embeddable":true,"href":"https:\/\/pierre-yves-nedelec.fr\/index.php?rest_route=%2Fwp%2Fv2%2Fproduct_cat&post=2355"},{"taxonomy":"product_tag","embeddable":true,"href":"https:\/\/pierre-yves-nedelec.fr\/index.php?rest_route=%2Fwp%2Fv2%2Fproduct_tag&post=2355"}],"curies":[{"name":"wp","href":"https:\/\/api.w.org\/{rel}","templated":true}]}}